is divided by 29.
27
Let x be -1 + (-2)/(-1 - -3). Let k(z) = -31*z - 3. Suppose -1 - 15 = -g. What is the remainder when k(x) is divided by g?
11
Let x(u) = -3*u**2 + 17*u - 5. Let z be x(8). Let r = z - -75. What is the remainder when r is divided by 11?
3
Let g(s) = -2*s**2 - s + 1. Let f(n) = -15*n**2 - 6*n + 15. Let h(b) = -f(b) + 6*g(b). What is the remainder when h(3) is divided by 5?
3
Let r(a) = a + 18. Let c be r(-13). Suppose -c*f = -2*f + 6. Calculate the remainder when (-95)/f*24/20 is divided by 12.
9
Suppose 3*t = 2*n + 970, -48*n - 972 = -3*t - 45*n. Calculate the remainder when t is divided by 12.
10
Suppose 7*s - 2221 = -1528. Calculate the remainder when s is divided by 38.
23
Let m = 19 - 31. Let w = m - -22. Calculate the remainder when 17 is divided by w.
7
Let d be 2*1 - (4 + -6). Let j = 8 + 6. Calculate the remainder when (d/(-6))/(6/(-369)) is divided by j.
13
Suppose -h - 84 = -5*h. Suppose 0*z + 28 = 3*f + 5*z, 0 = -f - 4*z + h. Calculate the remainder when f is divided by 1.
0
Let c = 419 + -383. What is the remainder when 86 is divided by c?
14
Suppose 3*h - 6 = -0*h. Suppose -h*c - 2 = -30. Suppose 34 = 3*g - c. Calculate the remainder when 63 is divided by g.
15
Suppose 0*x + 5*q + 50 = 2*x, q - 11 = -x. Suppose 3*l = -3*p - 156, -2*p - 84 - 128 = 4*l. What is the remainder when (l/(-4))/(7/14) is divided by x?
12
Let a = -333 + 371. What is the remainder when a is divided by 8?
6
Let d(a) = -36*a - 579. Calculate the remainder when 493 is divided by d(-17).
31
Let f(r) = r**3 + 9*r**2 + 11*r + 32. Calculate the remainder when 218/11 - 6/(-33) is divided by f(-8).
4
Calculate the remainder when 53 is divided by -1*(5 - 106/8)*4.
20
Let r be (-53)/(-2) - 1/2. Let q(s) = s**2 + 9*s + 35. Let j be q(-8). Suppose 23*c + j = r*c. Calculate the remainder when 11 is divided by c.
2
Let x(b) = b**3 + 8*b**2 - 4*b - 45. What is the remainder when 60 is divided by x(-7)?
28
Suppose 5*v + 24 = 4*v. Let c = 35 + v. What is the remainder when 41 is divided by c?
8
Let i = 7 + -7. Let m(y) = y**3 + y**2 - y + 51. What is the remainder when m(i) is divided by 13?
12
Let w be 18/24*4/3. What is the remainder when (3 - 2)/(w/(-212)*-2) is divided by 36?
34
Let u = 2 + 13. Let y(g) = g. Let c be y(4). Suppose 14*r - 40 = c*r. Calculate the remainder when u is divided by r.
3
Let m(j) = 0*j**3 + 3*j + j**3 + 13*j**2 - 6*j + j - 13. Let h(g) = g**2 - 7*g - 1. Let o be h(3). Calculate the remainder when 32 is divided by m(o).
6
Suppose g + 1096 = 5*s, 3*g + 499 = 4*s - 369. Calculate the remainder when 68 is divided by (-8)/36 + s/18.
8
Let z(p) = p**3 + 6*p**2 - p - 29. What is the remainder when 13 is divided by z(-5)?
0
Suppose 234*j - 231*j - 309 = 0. Calculate the remainder when j is divided by 13.
12
Let j = -65 + 81. Suppose 3*x - 3*d = 6*x - 15, -4*d - j = 0. Let q(y) = -y**2 + 9*y - 6. What is the remainder when q(5) is divided by x?
5
Let j(b) = -5*b + 36. Calculate the remainder when 127 is divided by j(4).
15
Suppose -4*x + 144 = 4*u, 7*u = 2*u + 20. What is the remainder when x is divided by 121/(-22)*2/(-1 - 0)?
10
Let r be (8/14)/(2/7). Suppose k + 323 = r*i, 4*k = 3*i - 2*i - 172. Suppose -b - i = -6*b. Calculate the remainder when b is divided by 11.
10
Suppose 2*g = -0*g + 3*a + 38, a + 2 = 0. Let q = 47 + -42. Suppose 4*r - h - 182 = 0, r - q*h = 11 + 25. What is the remainder when r is divided by g?
14
Let y = 87 - 59. Suppose 5*k + 3 = -c, 4*c - 4*k - 50 = 2*c. Calculate the remainder when y is divided by c.
11
Let t(h) = h**3 + 6*h**2 - 8*h + 2. Let l be t(-7). Suppose -41 = -2*p - l. Calculate the remainder when 62 is divided by p.
14
Let l = 411 - 409. Suppose 0 = -3*z - 0 + 12. Suppose 2*y = z*y - 6. What is the remainder when y is divided by l?
1
Let i = 147 + 33. Suppose 13*t - i = 236. What is the remainder when t is divided by 17?
15
Let z be 1*-4*(-12)/16. Suppose 3*y - 447 = -z*c, -305 = -2*y - 0*y + 5*c. What is the remainder when y is divided by 38?
36
Let s(v) = -v**3 + 12*v**2 - 11*v + 12. Calculate the remainder when -46*(-3)/2 - -2 is divided by s(11).
11
Let i(o) = 4*o - 5*o - 8*o - 9 - 18*o. What is the remainder when i(-2) is divided by 16?
13
Let k be 10/(-15) - (-102)/(-9). Let s = 16 + k. What is the remainder when 6 is divided by s?
2
Suppose -5*u + 135 = 4*t, -27 = -2*t + 4*u + 47. Let n(c) = 6*c**2 - 2*c + 3. What is the remainder when n(-3) is divided by t?
28
Suppose -3*f = -2*g - 314, -34*g + 32*g - 210 = -2*f. Calculate the remainder when 189 is divided by f.
85
Suppose -3*j = -104 - 94. Suppose 0*g + 110 = 5*g - i, -j = -3*g + 3*i. What is the remainder when g is divided by 4/10 - 38/(-5)?
6
Suppose 0 = -5*o + 17 + 13. Suppose -o*p + 146 = -3*p - 5*l, 0 = 2*l - 10. Suppose 0*t - 3*t = -p. What is the remainder when t is divided by 11?
8
Let v(d) = -10*d - 5. Suppose 1349*f - 1361*f = -2688. What is the remainder when f is divided by v(-5)?
44
Suppose 332 = 4*f + 9*m - 5*m, 0 = -f - 4*m + 80. What is the remainder when 1258 is divided by f?
82
Suppose -m - 4*g + 126 = 0, -4*g = -8*g + 20. Calculate the remainder when m is divided by 76.
30
Let l(k) = -k**2 + 23*k - 8. Let d be l(13). Let b = d - 71. Calculate the remainder when 305 is divided by b.
50
Let t(h) be the first derivative of h**2/2 - 2*h + 7. Calculate the remainder when 36 is divided by t(10).
4
Suppose 4*f + 41 = t, 5*t - 5*f + 100 = 275. Let p = 5 - 7. Calculate the remainder when t is divided by (4/(-6))/(p/36).
9
Suppose 4*h - 332 = -3*r + r, -4*r = h - 97. What is the remainder when 401 is divided by h?
77
Let q = 602 + -367. What is the remainder when q is divided by 7?
4
Suppose -8*y = -5*y - 78. What is the remainder when (1508/312)/((-2)/(-24)) is divided by y?
6
Suppose -5*b = -5*y + 25, 15 = 2*b - 7*b. Suppose -o = y*o - 135. Calculate the remainder when o is divided by 6.
3
Suppose 58*i + 10*i - 21216 = 0. Calculate the remainder when i is divided by 79.
75
Let g be 3*11*(-4)/(-12). Let x(v) = -6*v**2 - 40*v. Let b(u) = u**2 + 8*u. Let p(r) = g*b(r) + 2*x(r). Calculate the remainder when p(7) is divided by 5.
2
Let d(v) = -4*v - 58. Suppose -2*c + 7*c - 20 = 0. Suppose 15 = c*u - u. Calculate the remainder when d(-16) is divided by u.
1
Let x(y) = y + 6. Let p be x(-4). Suppose -3*q + q = 4*v + 18, -2*q = -p*v - 12. Let s = 18 - q. Calculate the remainder when s is divided by 5.
2
Suppose 4*v - 2*p = 102, -v - v - 2*p + 36 = 0. Calculate the remainder when 75 is divided by (1 + 18)/(v/46).
37
Let d = 1430 - 1344. What is the remainder when 1632 is divided by d?
84
What is the remainder when 116 is divided by (-8 + 9)*(2 - (-124)/2)?
52
Suppose -20*b + 672 - 392 = 0. What is the remainder when (-4)/(-14) + 834/21 is divided by b?
12
Suppose 0*k + 3*b = 3*k - 672, 220 = k - 2*b. What is the remainder when k is divided by 46?
44
Let g(i) = 4*i**2 + 55*i + 9. Calculate the remainder when 265 is divided by g(-14).
12
Let t(f) = -11*f**3 - 2*f + 1. Let y(o) = -34*o**3 - o**2 - 7*o + 4. Let p(n) = -7*t(n) + 2*y(n). What is the remainder when 22 is divided by p(1)?
6
Suppose 0 = -3*j + 2*j + 4. Suppose 0*r = j*o - 4*r - 144, 2*r - 156 = -4*o. Let s = o - -19. What is the remainder when s is divided by 20?
17
Suppose -30 = -8*c - 6. Suppose n - c*n + f = -32, -4*f - 38 = -2*n. Calculate the remainder when 56 is divided by n.
11
Let d = -41 - -83. Let f = -16 + 18. Suppose 2*v - 42 = -2*m, m + 18 + 27 = f*v. Calculate the remainder when d is divided by v.
20
Let h(d) = -d**2 + 5*d + 4*d - 7*d - 1. Let q be h(1). Suppose q = -5*b + 5 + 20. What is the remainder when 12 is divided by b?
2
What is the remainder when 43 is divided by 686/490 - 36/(-10)?
3
Suppose -c - x = -62, -3*x = -c + 24 + 46. Calculate the remainder when 701 is divided by c.
61
Let y(p) = 4*p**2 + 2. Let o be y(-2). Suppose 14 = -4*j - o. Calculate the remainder when 25 is divided by 2/j + (-444)/(-48).
7
What is the remainder when -69*(-6)/(-9)*(-108)/24 is divided by 37?
22
Let k = 113 - 105. Calculate the remainder when 12 is divided by k.
4
Let q be (-1)/((3/21)/(-1)). Suppose -q*i - 19 + 173 = 0. Calculate the remainder when 42 is divided by i.
20
Let d(s) = -30*s**3 + s**2 + 2*s + 2. Let n be d(-1). Suppose 0 = -0*r - 5*r - 2*c + 91, 0 = 2*